it of 1435?
3
What is the units digit of 237?
7
What is the tens digit of 6910?
1
What is the hundreds digit of 34548?
5
What is the thousands digit of 30457?
0
What is the hundreds digit of 2371?
3
What is the tens digit of 6547?
4
What is the units digit of 23802?
2
What is the tens digit of 860?
6
What is the units digit of 16007?
7
What is the hundreds digit of 828?
8
What is the units digit of 1550?
0
What is the thousands digit of 11358?
1
What is the hundreds digit of 90089?
0
What is the units digit of 18106?
6
What is the tens digit of 65285?
8
What is the units digit of 3363?
3
What is the tens digit of 217?
1
What is the tens digit of 67?
6
What is the units digit of 144218?
8
What is the thousands digit of 27108?
7
What is the tens digit of 10609?
0
What is the units digit of 2743?
3
What is the thousands digit of 1769?
1
What is the tens digit of 29138?
3
What is the thousands digit of 1105?
1
What is the units digit of 138?
8
What is the hundreds digit of 37331?
3
What is the thousands digit of 4843?
4
What is the units digit of 357?
7
What is the tens digit of 974?
7
What is the hundreds digit of 2280?
2
What is the units digit of 239?
9
What is the hundreds digit of 6034?
0
What is the thousands digit of 1517?
1
What is the tens digit of 830?
3
What is the tens digit of 24537?
3
What is the units digit of 75?
5
What is the hundreds digit of 4416?
4
What is the hundreds digit of 3053?
0
What is the tens digit of 23645?
4
What is the tens digit of 1363?
6
What is the thousands digit of 2862?
2
What is the ten thousands digit of 17035?
1
What is the tens digit of 41560?
6
What is the hundreds digit of 1089?
0
What is the units digit of 10854?
4
What is the units digit of 57?
7
What is the units digit of 37155?
5
What is the tens digit of 1664?
6
What is the thousands digit of 10912?
0
What is the hundreds digit of 16556?
5
What is the hundreds digit of 69911?
9
What is the tens digit of 6933?
3
What is the hundreds digit of 13430?
4
What is the ten thousands digit of 15742?
1
What is the hundreds digit of 3268?
2
What is the hundreds digit of 3427?
4
What is the ten thousands digit of 18407?
1
What is the thousands digit of 3651?
3
What is the hundreds digit of 251?
2
What is the ten thousands digit of 18142?
1
What is the tens digit of 19216?
1
What is the units digit of 158902?
2
What is the ten thousands digit of 17198?
1
What is the hundreds digit of 3585?
5
What is the hundreds digit of 158?
1
What is the units digit of 15381?
1
What is the units digit of 3100?
0
What is the thousands digit of 11577?
1
What is the tens digit of 648?
4
What is the hundreds digit of 4139?
1
What is the hundreds digit of 3268?
2
What is the units digit of 4499?
9
What is the hundreds digit of 1096?
0
What is the thousands digit of 11551?
1
What is the units digit of 1039?
9
What is the tens digit of 1648?
4
What is the tens digit of 7281?
8
What is the units digit of 15887?
7
What is the hundreds digit of 140805?
8
What is the units digit of 94?
4
What is the units digit of 1060?
0
What is the units digit of 622?
2
What is the tens digit of 3251?
5
What is the ten thousands digit of 35365?
3
What is the hundreds digit of 324?
3
What is the tens digit of 222?
2
What is the hundreds digit of 3013?
0
What is the units digit of 3503?
3
What is the tens digit of 30597?
9
What is the tens digit of 452?
5
What is the thousands digit of 27364?
7
What is the ten thousands digit of 99598?
9
What is the units digit of 1017?
7
What is the tens digit of 389?
8
What is the ten thousands digit of 14731?
1
What is the units digit of 14200?
0
What is the hundreds digit of 70465?
4
What is the thousands digit of 35037?
5
What is the thousands digit of 1432?
1
What is the ten thousands digit of 46049?
4
What is the hundreds digit of 202?
2
What is the thousands digit of 114697?
4
What is the hundreds digit of 21316?
3
What is the thousands digit of 1148?
1
What is the thousands digit of 1533?
1
What is the hundreds digit of 4401?
4
What is the tens digit of 1275?
7
What is the hundreds digit of 1160?
1
What is the tens digit of 1116?
1
What is the units digit of 21882?
2
What is the tens digit of 33162?
6
What is the tens digit of 16355?
5
What is the ten thousands digit of 10162?
1
What is the hundreds digit of 2568?
5
What is the thousands digit of 1085?
1
What is the thousands digit of 10720?
0
What is the units digit of 21153?
3
What is the hundreds digit of 16753?
7
What is the hundreds digit of 57498?
4
What is the thousands digit of 1580?
1
What is the units digit of 2299?
9
What is the units digit of 3462?
2
What is the units digit of 6775?
5
What is the hundreds digit of 13376?
3
What is the units digit of 508?
8
What is the hundreds digit of 3210?
2
What is the tens digit of 64395?
9
What is the hundreds digit of 38728?
7
What is the hundreds digit of 183?
1
What is the units digit of 6288?
8
What is the units digit of 236?
6
What is the tens digit of 229?
2
What is the units digit of 207?
7
What is the hundreds digit of 220?
2
What is the hundreds digit of 491?
4
What is the units digit of 31085?
5
What is the hundreds digit of 3544?
5
What is the ten thousands digit of 52344?
5
What is the thousands digit of 6265?
6
What is the hundreds digit of 2727?
7
What is the units digit of 743?
3
What is the units digit of 4514?
4
What is the units digit of 3811?
1
What is the hundreds digit of 960?
9
What is the tens digit of 573?
7
What is the hundreds digit of 818?
8
What is the tens digit of 1019?
1
What is the tens digit of 6389?
8
What is the units digit of 52699?
9
What is the thousands digit of 8337?
8
What is the thousands digit of 2541?
2
What is the tens digit of 3816?
1
What is the units digit of 27075?
5
What is the thousands digit of 2556?
2
What is the units digit of 748?
8
What is the thousands digit of 65947?
5
What is the hundreds digit of 2881?
8
What is the tens digit of 7170?
7
What is the ten thousands digit of 51801?
5
What is the thousands digit of 6593?
6
What is the units digit of 243?
3
What is the thousands digit of 44472?
4
What is the tens digit of 5073?
7
What is the units digit of 6?
6
What is the hundreds digit of 2239?
2
What is the thousands digit of 1006?
1
What is the thousands digit of 107596?
7
What is the ten thousands digit of 23735?
2
What is the units digit of 262?
2
What is the thousands digit of 2624?
2
What is the hundreds digit of 7736?
7
What is the thousands digit of 19025?
9
What is the units digit of 439?
9
What is the thousands digit of 2109?
2
What is the thousands digit of 8558?
8
What is the units digit of 44618?
8
What is the units digit of 644?
4
What is the ten thousands digit of 73850?
7
What is the ten thousands digit of 21293?
2
What is the thousands digit of 64115?
4
What is the units digit of 4994?
4
What is the thousands digit of 51376?
1
What is the tens digit of 76?
7
What is the units digit of 4008?
8
What is the hundreds digit of 3517?
5
What is the units digit of 699?
9
What is the units digit of 59181?
1
What is the hundreds digit of 4678?
6
What is the tens digit of 1518?
1
What is the thousands digit of 22865?
2
What is the tens digit of 141?
4
What is the hundreds digit of 3675?
6
What is the ten thousands digit of 11003?
1
What is the units digit of 47230?
0
What is the hundreds digit of 22698?
6
What is the units digit of 988?
8
What is the thousands digit of 3312?
3
What is the hundreds digit of 8687?
6
What is the thousands digit of 8465?
8
What is the units digit of 701?
1
What is the thousands digit of 32911?
2
What is the ten thousands digit of 14680?
1
What is the units digit of 1573?
3
What is the tens digit of 524?
2
What is the units digit of 4640?
0
What is the tens digit of 6682?
8
What is the units digit of 1287?
7
What is the hundreds digit of 3092?
0
What is the thousands digit of 42136?
2
What is the thousands digit of 200194?
0
What is the units digit of 3898?
8
What is the units digit of 57388?
8
What is the thousands digit of 1642?
1
What is the units digit of 1336?
6
What is the units digit of 16?
6
What is the hundreds digit of 144270?
2
What is the units digit of 86331?
1
What is the hundreds digit of 15189?
1
What is the units digit of 62644?
4
What is the units